 the greatest common divisor of d and a.
2
Let s(c) = -c**3 + 9*c**2 - 6*c - 3. Let q be s(7). Let t = q - -45. Suppose u - r - t = -3*u, -5*r + 35 = u. Calculate the highest common factor of u and 5.
5
Let g be 3*((-8)/4)/(-6). Suppose -g = -4*o - 5. Let t be o + 2595/18 - (-1)/(-6). What is the greatest common divisor of t and 13?
13
Let k(z) = -z**3 + 38*z**2 + 115*z + 160. Let h be k(40). Calculate the greatest common divisor of 270 and h.
30
Suppose 37*j - 14 = 60. Let a be j + (20 - (-1 + -1)). Suppose -2*z = 5*x + 19, 4*z - 7*x + 2*x = 37. Calculate the highest common divisor of a and z.
3
Let f be (360 - (2 - 2))/(81/18 - 3). Calculate the greatest common factor of f and 36.
12
Let w = 5311 + -5206. Calculate the highest common factor of 435 and w.
15
Let m = -2606 - -2621. What is the highest common factor of 12 and m?
3
Let y(v) = 3*v**2 - 4*v + 3. Let d be y(-6). Let n(k) = 10*k**2 - 692*k + 213. Let p be n(69). Calculate the highest common factor of p and d.
15
Suppose -1536 = -8*j + 81*j - 5916. What is the highest common divisor of 492 and j?
12
Suppose -4*l + 239 = 31. Suppose 312 = 27*t - 19*t. What is the greatest common divisor of l and t?
13
Let y = 1046 + -708. Let x be 98 + -57 + (-9 - -46). What is the greatest common factor of y and x?
26
Let z(d) = 3*d**2 + 8*d + 39. Let o be z(-17). Calculate the greatest common factor of 280 and o.
70
Let y = -38 - -71. Let i(l) = -l**3 - 2*l**2 - 3*l - 2. Let o be i(-2). Let h be (15/o + -2)/(2/264). Calculate the highest common divisor of h and y.
33
Let h(p) = 76*p - 2777. Let y be h(37). What is the greatest common factor of 1288 and y?
7
Let a(p) = p**3 + 17*p**2 + 39*p + 5. Let g be a(-3). What is the greatest common factor of 1435 and g?
7
Suppose 227*w - 232*w = -2*d + 186, d = -5*w + 108. What is the highest common divisor of d and 42?
14
Let m(b) = b**2 + 13*b + 3. Let r be m(-13). Suppose 91 = r*s + 82. Calculate the greatest common divisor of s and 12.
3
Let k(r) = -107*r + 634. Let y be k(-5). What is the highest common divisor of y and 668?
167
Let n(g) = -g**2 + 15*g + 6. Let q be n(14). Let k = 176 + -173. Suppose -k*r + 7 = -q. Calculate the greatest common factor of r and 36.
9
Let j = 1317 - 1226. Calculate the greatest common divisor of 9373 and j.
91
Let v(r) = 3*r**3 + 140*r**2 + 86*r - 24. Let j be v(-46). What is the greatest common factor of 8 and j?
4
Suppose -4*v - 3*k = 15, 2*k + 3*k = 3*v - 25. Let h be (v/(0 - -4))/(-1). Suppose -9*g + 8*g + 9 = h. Calculate the greatest common factor of g and 1.
1
Let t(z) = 3*z**2. Let x be t(2). Let c(l) = -3*l - 12. Let s be c(-6). Suppose 3*v = 102 + s. What is the greatest common divisor of v and x?
12
Suppose -13*x + 158*x - 55100 = 0. Calculate the greatest common factor of x and 2128.
76
Let k = -8465 + 8630. What is the highest common factor of 645 and k?
15
Let y be 40 + (-1 - (-8)/2). Suppose 0*j - y = -j - 5*m, 80 = 5*j - 2*m. Calculate the highest common factor of 24 and j.
6
Suppose -4 = -6*c + 32. Suppose -c*g = -3*g. Let x be 24 - (-3)/(3 + g). What is the highest common factor of 50 and x?
25
Let n = -11709 - -12604. Calculate the highest common divisor of n and 3043.
179
Let a = -20769 + 20818. Calculate the highest common divisor of 28077 and a.
49
Suppose 63 = c + 2*c. Let y be ((-220)/(-15))/((14/c)/1). Let s(j) = -j**2 + 8*j - 5. Let d be s(7). Calculate the highest common factor of d and y.
2
Let h = 848 + -843. What is the greatest common factor of h and 5?
5
Let k(z) = -4*z - 14. Let q be k(-4). Suppose -6 = -q*m + 6. Let v be m/((-6)/5) + 75. What is the greatest common factor of v and 14?
14
Let g = -4626 + 4656. Calculate the greatest common divisor of g and 590.
10
Let f be (1 - -4)*6/15. Suppose -4*p + 90 = -f. Suppose -p*c + 26*c = 759. Calculate the highest common divisor of c and 23.
23
Let s(a) = -177*a - 3171. Let i be s(-20). What is the greatest common divisor of i and 1640?
41
Let q(u) = -u**3 + 65*u**2 - 132*u + 396. Let i be q(63). Let h be (225/(-20))/((-2)/192). What is the highest common divisor of i and h?
18
Suppose -366*v + 334*v + 54400 = 0. Calculate the greatest common factor of v and 325.
25
Suppose 4*o - 28 = -12. Let y = 41 - o. Let m = -28 + y. Calculate the highest common factor of m and 72.
9
Suppose -352 = -3*b - n, -2*b + 4*n + 232 = 2*n. Suppose -54212 = 179*z - 70322. What is the greatest common factor of b and z?
9
Let p = 13479 + -9228. Calculate the highest common factor of p and 195.
39
Let k = 14595 + -9925. What is the highest common factor of 10 and k?
10
Let o be ((-544)/192)/(2/(-216)). Calculate the greatest common factor of 272 and o.
34
Suppose 59*q + 49*q = 3024. What is the highest common factor of q and 154?
14
Let k be (24/(-15))/((-6)/(-195)). Let w be (-8 + k)*(2 + -6 - -3). What is the highest common divisor of w and 20?
20
Let j = -519 + -77. Let u be -2*(8 - j/(-8)). Calculate the highest common divisor of 35 and u.
7
Suppose 230 = 5*n + 3*t, 5*n - 240 = 3*t - 4*t. Let w = 2241 + -2234. Calculate the highest common divisor of n and w.
7
Suppose 660 = -446*p + 451*p. Calculate the highest common factor of 2970 and p.
66
Let v(x) = 7*x**3 + x**2 + 5*x + 3. Let r(a) = -6*a**3 - a**2 - 4*a. Let z(n) = -6*r(n) - 5*v(n). Let y be z(3). What is the highest common divisor of y and 27?
9
Let w(z) = -99*z + 5266. Let o be w(39). Calculate the highest common factor of o and 10.
5
Let z be 14/(-3) + (-4)/(-6) - -477. Calculate the highest common factor of z and 77.
11
Let b = 23967 - 23949. Calculate the greatest common factor of b and 40860.
18
Suppose 5*o = -5*n + 3575, 811 = 4*n - 4*o - 2041. Calculate the greatest common divisor of n and 408.
102
Let m = 1835 - 1172. Suppose -2382 = -21*g + m. Calculate the highest common factor of 87 and g.
29
Let o be (-28)/3 + 32/96. Let k be ((-507)/(-13))/((-3)/o - 0). Suppose -2*q + 7 + 45 = 0. Calculate the highest common factor of q and k.
13
Suppose 4*v + 16 = q + 4*q, -q - 3*v = 12. Suppose 5*s + 4*m - 275 = 0, 2*m = -q*s + 5*s - 275. What is the highest common factor of 55 and s?
55
Suppose -b - 3*b - 76 = -c, 5*b + 15 = 0. Let p be 11/22 - (-2)/((-60)/(-465)). What is the highest common factor of p and c?
16
Let m = 116 - 116. Suppose -g + 3*b + 25 = 0, m*b - 3*b = 2*g - 95. Calculate the greatest common divisor of 8 and g.
8
Let p(r) = 13*r + 379. Let q(v) = -2*v**2 + 16*v + 71. Let w be q(-4). Let h be p(w). Calculate the greatest common divisor of h and 54.
54
Let g be (2 - (-24)/(-15))/(4/(-180)). Let s be 1 + 1 - (-9 + g). What is the greatest common factor of s and 1?
1
Suppose 0 = -5*x + 98 + 102. Suppose -4*w = -t - x, 0 = 5*t + w + 143 + 36. Let q be -3*56/t*3. What is the greatest common divisor of 126 and q?
14
Let h(c) = -5 + 4*c**2 + 0 - 3*c**2 - 15 + 4*c. Let p be h(-14). What is the greatest common divisor of 80 and p?
40
Suppose -4*z = -7*z + 3*t + 147, -5*t = 20. Suppose 123*y + 275 = 134*y. What is the highest common factor of z and y?
5
Let q(h) = 2*h**2 + 11*h + 21. Let a be q(-7). Let s = a + -19. Calculate the highest common divisor of s and 46.
23
Let p(v) = -v**3 - v - 2. Let q(x) = -6*x**3 - 24*x**2 + 2*x + 32. Let y(s) = 5*p(s) - q(s). Let d be y(-24). Calculate the greatest common factor of d and 56.
14
Let o = 3154 - 3088. What is the highest common factor of 451 and o?
11
Suppose 5*y - 15 = 0, y = 19*w - 16*w - 18. What is the highest common factor of w and 3997?
7
Let f = -571 - -592. Let x be 96 - (1 - 0)/((-3)/6). What is the greatest common factor of x and f?
7
Let h be ((-101)/(-1010)*1395/2)/(2/8). What is the highest common factor of 45 and h?
9
Let r(m) = -27*m**2. Let x be r(1). Let c be (63/x)/((-1)/6). Let n(y) = 26*y**2 + 27*y + 6. Let k be n(-2). Calculate the greatest common factor of k and c.
14
Suppose 3*j = 2*w - 30, 2*w - 3*j = -3*w + 57. Suppose 0 = 10*q - 15*q + 240. Let f be (w/((-27)/q))/(-2). Calculate the highest common divisor of 24 and f.
8
Let f(i) = -3*i + 3. Let b be f(-4). Suppose -6 = y + y, -4*y - 2487 = -5*u. Suppose -o = 2*o - u. What is the highest common divisor of o and b?
15
Suppose 17*r + 24 - 296 = 0. Let x(q) = -16*q**2 + 8*q**2 - r*q + 3*q**2 + 3*q**2 - 9. Let f be x(-6). What is the highest common divisor of 10 and f?
5
Let o = -